{"id":8,"date":"2016-10-02T01:19:37","date_gmt":"2016-10-01T23:19:37","guid":{"rendered":"http:\/\/www.mc-gladbach.de\/?page_id=8"},"modified":"2020-01-17T18:43:04","modified_gmt":"2020-01-17T17:43:04","slug":"impressum","status":"publish","type":"page","link":"https:\/\/www.mc-gladbach.de\/?page_id=8","title":{"rendered":"Impressum"},"content":{"rendered":"<p><b>M\u00e4nnerchor &#8222;C\u00e4cilia&#8220; Gladbach<\/b><br \/>\nWeingartenstra\u00dfe 25<br \/>\n56566 Neuwied<br \/>\nTelefon: +49 2631 49313<\/p>\n<h2>Vertreten durch:<\/h2>\n<p>1. Vorsitzender Bernd Hoffmann<br \/>\nWeingartenstra\u00dfe 25<br \/>\n56566 Neuwied<br \/>\nE-Mail: berndhoffmann53@gmail.com<\/p>\n<h2>Verantwortlich f\u00fcr den Inhalt nach \u00a7 55 Abs. 2 RStV:<\/h2>\n<p>2. Schriftf\u00fchrer Simeon Maxein<br \/>\nReuterspfad 8<br \/>\n56566 Neuwied<br \/>\nE-Mail: webmaster@mc-gladbach.de<\/p>\n","protected":false},"excerpt":{"rendered":"<p>M\u00e4nnerchor &#8222;C\u00e4cilia&#8220; Gladbach Weingartenstra\u00dfe 25 56566 Neuwied Telefon: +49 2631 49313 Vertreten durch: 1. Vorsitzender Bernd Hoffmann Weingartenstra\u00dfe 25 56566 Neuwied E-Mail: berndhoffmann53@gmail.com Verantwortlich f\u00fcr den Inhalt nach \u00a7 55 Abs. 2 RStV: 2. Schriftf\u00fchrer Simeon Maxein Reuterspfad 8 56566 &hellip; <a href=\"https:\/\/www.mc-gladbach.de\/?page_id=8\">Weiterlesen <span class=\"meta-nav\">&rarr;<\/span><\/a><\/p>\n","protected":false},"author":1,"featured_media":0,"parent":0,"menu_order":0,"comment_status":"closed","ping_status":"closed","template":"","meta":{"footnotes":""},"class_list":["post-8","page","type-page","status-publish","hentry"],"_links":{"self":[{"href":"https:\/\/www.mc-gladbach.de\/index.php?rest_route=\/wp\/v2\/pages\/8","targetHints":{"allow":["GET"]}}],"collection":[{"href":"https:\/\/www.mc-gladbach.de\/index.php?rest_route=\/wp\/v2\/pages"}],"about":[{"href":"https:\/\/www.mc-gladbach.de\/index.php?rest_route=\/wp\/v2\/types\/page"}],"author":[{"embeddable":true,"href":"https:\/\/www.mc-gladbach.de\/index.php?rest_route=\/wp\/v2\/users\/1"}],"replies":[{"embeddable":true,"href":"https:\/\/www.mc-gladbach.de\/index.php?rest_route=%2Fwp%2Fv2%2Fcomments&post=8"}],"version-history":[{"count":4,"href":"https:\/\/www.mc-gladbach.de\/index.php?rest_route=\/wp\/v2\/pages\/8\/revisions"}],"predecessor-version":[{"id":149,"href":"https:\/\/www.mc-gladbach.de\/index.php?rest_route=\/wp\/v2\/pages\/8\/revisions\/149"}],"wp:attachment":[{"href":"https:\/\/www.mc-gladbach.de\/index.php?rest_route=%2Fwp%2Fv2%2Fmedia&parent=8"}],"curies":[{"name":"wp","href":"https:\/\/api.w.org\/{rel}","templated":true}]}}

<p><b>Männerchor &#8222;Cäcilia&#8220; Gladbach</b><br />
Weingartenstraße 25<br />
56566 Neuwied<br />
Telefon: +49 2631 49313</p>
<h2>Vertreten durch:</h2>
<p>1. Vorsitzender Bernd Hoffmann<br />
Weingartenstraße 25<br />
56566 Neuwied<br />
E-Mail: berndhoffmann53@gmail.com</p>
<h2>Verantwortlich für den Inhalt nach § 55 Abs. 2 RStV:</h2>
<p>2. Schriftführer Simeon Maxein<br />
Reuterspfad 8<br />
56566 Neuwied<br />
E-Mail: webmaster@mc-gladbach.de</p>

<p>Männerchor &#8222;Cäcilia&#8220; Gladbach Weingartenstraße 25 56566 Neuwied Telefon: +49 2631 49313 Vertreten durch: 1. Vorsitzender Bernd Hoffmann Weingartenstraße 25 56566 Neuwied E-Mail: berndhoffmann53@gmail.com Verantwortlich für den Inhalt nach § 55 Abs. 2 RStV: 2. Schriftführer Simeon Maxein Reuterspfad 8 56566 &hellip; <a href="https://www.mc-gladbach.de/?page_id=8">Weiterlesen <span class="meta-nav">&rarr;</span></a></p>
